(-4)/(-48)). Suppose -r - h*g - 7 = -22, 5*r - 75 = -g. What is the tens digit of r?
1
Let d(k) = -250*k + 932. What is the thousands digit of d(-10)?
3
Let s be 408 + 0/((-4)/2). Let h = s - -654. What is the tens digit of h?
6
Let l(a) = 2064*a - 4486. What is the tens digit of l(6)?
9
Suppose -6*l + 17222 + 7090 = 0. Suppose 3*f = -5*m + l, 0 = -2*f - 2*m + 1909 + 787. What is the tens digit of f?
4
Suppose -8 = -4*i + 4*s, i = 3*i + 4*s - 16. Suppose -i*b = 3*k - 264, k + 5*b - 87 = 4*b. What is the tens digit of k?
8
Let d(q) be the first derivative of 17*q**3/3 - 9*q**2/2 + 29*q - 124. What is the units digit of d(6)?
7
Let j = -11 + 14. Suppose 1 = -5*z - t, -j + 4 = -t. Suppose 4*w - 2*h = h + 419, z = -4*w + 2*h + 418. What is the tens digit of w?
0
Suppose -4*t + k + 21964 = 0, 2*t - 2*k + 1109 = 12085. What is the hundreds digit of t?
4
Suppose 6758 = 4*a + 4*l - 25574, -4*a + l = -32337. What is the thousands digit of a?
8
Let z(y) = -9*y + 12. Let n be z(1). Suppose -1859 = j - n*j + 3*r, -r = 5. What is the units digit of j?
2
Suppose 2*x - 5*z + 5 = 0, x = z + 1 + 1. Suppose -p + x - 3 = 0. Suppose -4*o - 3*c + 113 = 0, -o - 2*c + 38 = p*c. What is the units digit of o?
6
Let k = -3204 + 5939. What is the units digit of k?
5
Suppose -83623 = -2*y + 3*g, -2*y + 5*g + 9467 = -74170. What is the units digit of y?
1
Let b = -89 + 99. Let w be -91 + 1 + (b - 5). Let l = w + 283. What is the units digit of l?
8
Suppose 0 = -2*v + m + 32492, v + 87*m - 16232 = 91*m. What is the hundreds digit of v?
2
What is the units digit of 0/(-1)*11/22 - -9124?
4
Suppose 5*s = -3*i + 33415, 55*s + 13340 = 57*s - 4*i. What is the tens digit of s?
8
Suppose -34*i = -13*i. What is the hundreds digit of (i + (-1553)/(-3))*(2 + 1)?
5
Let i = 11607 - 2493. What is the hundreds digit of i?
1
Suppose 105*z = 111*z - 42. Let j(s) = 8*s**2 - 20*s + 14. What is the hundreds digit of j(z)?
2
Let h = 8 + -8. Suppose -3*j - 2*j = 4*b - 14, 3*b = -4*j + 12. What is the tens digit of ((-534)/12)/((-3)/(j - h))?
8
Let h = -29 - -30. Let l be (4/10)/(h/10). Suppose -31 = -k - a, 3*a = -l*k - 0*a + 121. What is the tens digit of k?
2
Suppose 3*d + 2*s = 198, s = -3*d - 3*s + 192. Suppose 38 = 5*t - 2*j - 219, -3*j - 147 = -3*t. Let n = d - t. What is the tens digit of n?
1
Suppose 29*n - 34*n = -190. Let w = n - -348. What is the tens digit of w?
8
Let y be 33473/51 + 1/(-3). Suppose 0 = 3*w - 8*w + 20. Suppose -y = -6*p + w. What is the hundreds digit of p?
1
Suppose -22*z = -5732 - 254132. What is the ten thousands digit of z?
1
Let f be 26/(-91) + (-17924)/(-14). Let m = f + -597. What is the hundreds digit of m?
6
Suppose -18*l - 5*j + 58510 = -13*l, 0 = -5*l + 3*j + 58534. What is the units digit of (-8)/(-180)*l + (-4)/18?
0
Let w = 44 - -76. Suppose -x - 7 = -2*h + 63, 4*h + 132 = -2*x. Let d = x + w. What is the units digit of d?
2
Suppose -4*m + 4*z - 232 = 0, 5*m + z = -2*z - 266. Let y = 67 + m. Suppose r + 418 = y*r. What is the tens digit of r?
3
Suppose 4*b + p + 442 = 0, -2*p + 254 = -5*b - 279. Let v = 21 + -14. Let z = v - b. What is the hundreds digit of z?
1
Suppose 3*u + 5*x - 10*x = 27, -5*x + 1 = 4*u. Suppose -809 = -3*j + u*a, -3*j + 1076 = j - 4*a. What is the units digit of j?
7
Let a = 4501 + 2785. What is the hundreds digit of a?
2
What is the units digit of (10 - 3) + 5 + 81200/14?
2
Let c = 50284 - 34324. What is the tens digit of c?
6
Let t(x) be the first derivative of x**4/4 + 4*x**3 + 13*x + 4. What is the tens digit of t(-11)?
3
Suppose -358*s + 445 = -359*s. Let n = s + 818. What is the tens digit of n?
7
Let b = 71364 + -50889. What is the ten thousands digit of b?
2
What is the tens digit of (-13)/((-156)/(-12))*-3659?
5
Suppose 24*f = 12*f - 14808. Let x = f + 1954. What is the units digit of x?
0
Suppose 0 = j - 1165 + 1171. What is the hundreds digit of ((-148)/j)/(-5 + (-784)/(-156))?
9
Let y(f) = 2*f**2 - 4*f - 1. Let b be y(0). What is the hundreds digit of (-27462)/(-115) + (4/5)/b?
2
Let r be 6/(-14) + (-112517)/(-259). Suppose -4*j = h - 1799, -j + r = 3*h - 8*h. What is the hundreds digit of j?
4
Let w(q) = 61*q + 4. Let s(b) be the second derivative of -61*b**3/6 - 5*b**2/2 - 15*b. Let n(o) = -6*s(o) - 7*w(o). What is the units digit of n(-1)?
3
Suppose 5*k = -n + 201240, -2*k + 88921 = 4*n + 8443. What is the ten thousands digit of k?
4
Let x(l) = 2*l**2 + l**3 - 263*l + 263*l. Let p be x(0). Suppose p = -c + 314 - 65. What is the units digit of c?
9
What is the thousands digit of -12 - (64956/(-12) + 4)?
5
Let c be (3075/(-30))/(1/(-2)). Suppose 3*m = 3, -6*o + 10*o - c = -m. What is the units digit of o?
1
What is the tens digit of 14/42 - 32164/(-6) - (0 + 1)?
6
Let a(h) be the first derivative of h**6/360 + h**5/12 + h**4/12 + h**3 - 7. Let i(s) be the third derivative of a(s). What is the units digit of i(-10)?
2
Let q = -2 - 13. Let m be 28/(-35) - 2037/q. Let y = -93 + m. What is the tens digit of y?
4
Let r = 1934 - 476. Let x = -984 + r. What is the tens digit of x?
7
Suppose 4*g - 17 = 3*i + 15, 4*i - 32 = -4*g. Suppose -2*b = g, -4*b = -k + 161 + 225. What is the hundreds digit of k?
3
Let u = 221 + -215. What is the tens digit of 3*u/(-18)*-490?
9
Let j(m) = -m**2 - 100*m + 1503. What is the units digit of j(-88)?
9
Let h(r) = -6 + 2*r**2 - 3*r**2 + 4*r**2 + 5*r**2. Let f be h(6). Suppose -72 = -4*a - k + 156, 0 = 5*a + 2*k - f. What is the tens digit of a?
5
Let u(x) be the first derivative of -19*x**4/24 - x**3/2 + 11*x**2/2 - 10. Let a(l) be the second derivative of u(l). What is the units digit of a(-7)?
0
Let t = 3722 + -3332. What is the tens digit of t?
9
Let t(z) = 0*z + 5*z + 21*z + 47 + 34 + 9. What is the thousands digit of t(51)?
1
Let w(u) = 8*u**2 + 4*u + 75. Let c be w(-10). Let v = 1511 - c. What is the tens digit of v?
7
Suppose 40*g + 964170 = 130*g. What is the thousands digit of g?
0
Let u be -1*(3/(-2) + 2)*0. Suppose u = 3*v - 10*v + 28. Suppose 49 = -v*q + 157. What is the tens digit of q?
2
Let l = 1288 + -467. Let a be l/(-4) - 16/(-64). Let r = 306 + a. What is the hundreds digit of r?
1
Let w(g) = 10*g**2 - 36*g + 2230. What is the units digit of w(-88)?
8
Let m(u) = -u**2 - 5*u + 488. Let f = -115 - -115. Let g be m(f). Suppose -13*c = -9*c - g. What is the hundreds digit of c?
1
Let a(p) = -7*p + 23. Let t be -3*(2 + -1)*(1 + -8). Let j(x) = x**2 - 24*x + 39. Let f be j(t). What is the hundreds digit of a(f)?
1
Suppose 2*o + 0 = 4, -o + 15 = l. Let q(c) = c**3 - 8*c**2 + 5*c - 71. What is the units digit of q(l)?
9
Let w(y) = 26*y + 2. Let i be w(2). What is the units digit of 48/(1 - 51/i)?
4
Let x(q) = q**2 - 5*q + 9. Let h be x(10). Let d = h + -42. Let c(k) = 3*k - 34. What is the tens digit of c(d)?
1
Suppose 2*a = z - 25, 2*z - 2*a - a - 48 = 0. Suppose 6 + z = -c. Let f = 54 + c. What is the tens digit of f?
2
Let q(m) = 9*m - 11. Let l be q(2). Suppose 3*k + 237 = u, -2*k - 15 = -l*k. Let y = 355 - u. What is the hundreds digit of y?
1
Let m(d) = d**2 - d - 38. Let x be ((-6)/4)/(11/44). Let h be m(x). Suppose -h*w = -f + 146, -5*f + 2*w - 5*w + 799 = 0. What is the hundreds digit of f?
1
Let j be 3 + -1 - (-27 - -2). Suppose j*p - 30*p = 6. What is the units digit of ((-14)/21)/((-50)/24 - p)?
8
Let f(y) = -y**3 - 6*y**2 + 4*y - 11. Let p be f(-7). Suppose -p*v - 1302 = -13*v. What is the tens digit of v?
3
Suppose 0 = y - 5, -2*l - 15 - 1 = -4*y. Suppose -l*g - 170 = -4*c, -4*c - 8*g = -4*g - 188. What is the tens digit of (-1)/(8/c)*-14?
7
Let l = -9374 + 11075. What is the hundreds digit of l?
7
Let u(y) = -y**2 + 39*y + 50. Let m be u(41). What is the tens digit of m/208 - (-11082)/39?
8
Suppose 0 = 5*f - 5, -37*f = -3*m - 35*f + 145. What is the units digit of m?
9
Let b(a) = -3723*a - 2489. What is the thousands digit of b(-16)?
7
Suppose 0*k = 25*k. Suppose -3*h - 3*m + 2102 = 2*h, k = h - 4*m - 402. What is the units digit of h?
8
Suppose 3 = v - k, -4*v - k + 7 = -0*v. Suppose -6*f - 80 = -v*f. What is the units digit of (-1366)/(-8) + 15/f?
0
Let t(f) = f**2 + 14*f + 8. Let j = -45 - -35. Let s be t(j). Let w = 47 - s. What is the tens digit of w?
7
Let v(g) = 2*g**2 + 6*g**2 - 16 - 4*g - 7*g**2. Let r be v(7). Suppose -2*j + r*j - 243 = 0. What is the te